{"id":22,"date":"2017-06-21T09:58:58","date_gmt":"2017-06-21T09:58:58","guid":{"rendered":"http:\/\/www.ht-sport.fi\/?page_id=22"},"modified":"2017-07-11T18:14:18","modified_gmt":"2017-07-11T15:14:18","slug":"neurosonic-hoito","status":"publish","type":"page","link":"https:\/\/www.ht-sport.fi\/?page_id=22","title":{"rendered":"Neurosonic-hoito"},"content":{"rendered":"<p><span style=\"color: #003366; font-size: 18pt;\">Neurosonic-hoito p\u00e4hkin\u00e4nkuoressa<\/span><\/p>\n<p>Neurosonic-hoito on tarkoitettu kohentamaan henkil\u00f6n fyysist\u00e4 ja henkist\u00e4 hyvinvointia sek\u00e4 terveytt\u00e4. Vaikuttavana tekij\u00e4n\u00e4 hoidossa on kehoon kohdistettu, lihaksia rentouttava, mielt\u00e4 rauhoittava ja \/ tai lihaksia aktivoiva matalataajuinen v\u00e4r\u00e4htely. Stimulaatio kohdistetaan haluttuihin kehon osiin tai koko kehoon samanaikaisesti ja se etenee kudoksiin kehon syvimpi\u00e4 osia my\u00f6ten. T\u00e4m\u00e4n vuoksi menetelm\u00e4 poikkeaa t\u00e4ysin perinteisist\u00e4 hierontatuoleista. K\u00e4ytetty taajuusalue on turvallinen ja luonnollinen, eik\u00e4 sill\u00e4 ole sivuvaikutuksia. Menetelm\u00e4\u00e4 on kehitetty Suomessa yli 10 vuotta yhteisty\u00f6ss\u00e4 l\u00e4\u00e4k\u00e4rien ja fysioterapeuttien kanssa.<\/p>\n<p>Nykyajan kiireisill\u00e4 ihmisill\u00e4 elimist\u00f6 saattaa k\u00e4yd\u00e4 koko ajan ylikierroksilla, jolloin stressihormoneja kehittyy koko ajan. Lopulta ihminen alkaa oireilla monin eri tavoin. Tavallisimpia psykosomaattisia oireita ovat erilaiset j\u00e4nnitys- ja kiputilat sek\u00e4 uni- ja mielialah\u00e4iri\u00f6t.<br \/>\nRentoutumisen, unih\u00e4iri\u00f6iden psykosomaattisten kiputilojen lis\u00e4ksi hoitoa k\u00e4ytet\u00e4\u00e4n mm. urheilijoiden palautumiseen ja lihasten aktivoimiseen.<\/p>\n<p>Menetelm\u00e4\u00e4 tulee k\u00e4ytt\u00e4\u00e4 s\u00e4\u00e4nn\u00f6llisesti parhaiden tulosten saavuttamiseksi. Suosittelmme 5-10 sarjahoitoja.<\/p>\n<p>Rentoutuneessa tilassa kehosi toiminnat ovat tasapainoisempia, suorituskykysi ja keskittymisesi on parempaa ja unenlaatusi syvemp\u00e4\u00e4. Rentoutumalla s\u00e4\u00e4nn\u00f6llisesti ennaltaehk\u00e4iset stressiper\u00e4isten sairauksien puhkeamista ja my\u00f6s palaudut stressin oireista nopeammin.<\/p>\n<p><img loading=\"lazy\" class=\"size-full wp-image-38 aligncenter\" src=\"http:\/\/www.ht-sport.fi\/wp-content\/uploads\/2017\/06\/Neurosonic.jpg\" alt=\"\" width=\"200\" height=\"76\" \/><\/p>\n","protected":false},"excerpt":{"rendered":"<p>Neurosonic-hoito p\u00e4hkin\u00e4nkuoressa Neurosonic-hoito on tarkoitettu kohentamaan henkil\u00f6n fyysist\u00e4 ja henkist\u00e4 hyvinvointia sek\u00e4 terveytt\u00e4. Vaikuttavana tekij\u00e4n\u00e4 hoidossa on kehoon kohdistettu, lihaksia rentouttava, mielt\u00e4 rauhoittava ja \/ tai lihaksia aktivoiva matalataajuinen v\u00e4r\u00e4htely. Stimulaatio kohdistetaan haluttuihin kehon&#46;&#46;&#46;<\/p>\n","protected":false},"author":2,"featured_media":0,"parent":0,"menu_order":0,"comment_status":"closed","ping_status":"closed","template":"","meta":[],"yoast_head":"<!-- This site is optimized with the Yoast SEO plugin v14.9 - https:\/\/yoast.com\/wordpress\/plugins\/seo\/ -->\n<title>Neurosonic-hoito - H&amp;T Sport Future Health<\/title>\n<meta name=\"robots\" content=\"index, follow, max-snippet:-1, max-image-preview:large, max-video-preview:-1\" \/>\n<link rel=\"canonical\" href=\"http:\/\/www.ht-sport.fi\/?page_id=22\" \/>\n<meta property=\"og:locale\" content=\"fi_FI\" \/>\n<meta property=\"og:type\" content=\"article\" \/>\n<meta property=\"og:title\" content=\"Neurosonic-hoito - H&amp;T Sport Future Health\" \/>\n<meta property=\"og:description\" content=\"Neurosonic-hoito p\u00e4hkin\u00e4nkuoressa Neurosonic-hoito on tarkoitettu kohentamaan henkil\u00f6n fyysist\u00e4 ja henkist\u00e4 hyvinvointia sek\u00e4 terveytt\u00e4. Vaikuttavana tekij\u00e4n\u00e4 hoidossa on kehoon kohdistettu, lihaksia rentouttava, mielt\u00e4 rauhoittava ja \/ tai lihaksia aktivoiva matalataajuinen v\u00e4r\u00e4htely. Stimulaatio kohdistetaan haluttuihin kehon&#046;&#046;&#046;\" \/>\n<meta property=\"og:url\" content=\"http:\/\/www.ht-sport.fi\/?page_id=22\" \/>\n<meta property=\"og:site_name\" content=\"H&amp;T Sport Future Health\" \/>\n<meta property=\"article:publisher\" content=\"http:\/\/fb.me\/HTSportHealth\" \/>\n<meta property=\"article:modified_time\" content=\"2017-07-11T15:14:18+00:00\" \/>\n<meta property=\"og:image\" content=\"http:\/\/www.ht-sport.fi\/wp-content\/uploads\/2017\/06\/Neurosonic.jpg\" \/>\n<meta name=\"twitter:card\" content=\"summary\" \/>\n<script type=\"application\/ld+json\" class=\"yoast-schema-graph\">{\"@context\":\"https:\/\/schema.org\",\"@graph\":[{\"@type\":\"Organization\",\"@id\":\"https:\/\/www.ht-sport.fi\/#organization\",\"name\":\"H&T Sport Future Health\",\"url\":\"https:\/\/www.ht-sport.fi\/\",\"sameAs\":[\"http:\/\/fb.me\/HTSportHealth\"],\"logo\":{\"@type\":\"ImageObject\",\"@id\":\"https:\/\/www.ht-sport.fi\/#logo\",\"inLanguage\":\"fi\",\"url\":\"https:\/\/www.ht-sport.fi\/wp-content\/uploads\/2017\/06\/image.jpeg\",\"width\":310,\"height\":240,\"caption\":\"H&T Sport Future Health\"},\"image\":{\"@id\":\"https:\/\/www.ht-sport.fi\/#logo\"}},{\"@type\":\"WebSite\",\"@id\":\"https:\/\/www.ht-sport.fi\/#website\",\"url\":\"https:\/\/www.ht-sport.fi\/\",\"name\":\"H&amp;T Sport Future Health\",\"description\":\"\",\"publisher\":{\"@id\":\"https:\/\/www.ht-sport.fi\/#organization\"},\"potentialAction\":[{\"@type\":\"SearchAction\",\"target\":\"https:\/\/www.ht-sport.fi\/?s={search_term_string}\",\"query-input\":\"required name=search_term_string\"}],\"inLanguage\":\"fi\"},{\"@type\":\"ImageObject\",\"@id\":\"http:\/\/www.ht-sport.fi\/?page_id=22#primaryimage\",\"inLanguage\":\"fi\",\"url\":\"http:\/\/www.ht-sport.fi\/wp-content\/uploads\/2017\/06\/Neurosonic.jpg\"},{\"@type\":\"WebPage\",\"@id\":\"http:\/\/www.ht-sport.fi\/?page_id=22#webpage\",\"url\":\"http:\/\/www.ht-sport.fi\/?page_id=22\",\"name\":\"Neurosonic-hoito - H&amp;T Sport Future Health\",\"isPartOf\":{\"@id\":\"https:\/\/www.ht-sport.fi\/#website\"},\"primaryImageOfPage\":{\"@id\":\"http:\/\/www.ht-sport.fi\/?page_id=22#primaryimage\"},\"datePublished\":\"2017-06-21T09:58:58+00:00\",\"dateModified\":\"2017-07-11T15:14:18+00:00\",\"inLanguage\":\"fi\",\"potentialAction\":[{\"@type\":\"ReadAction\",\"target\":[\"http:\/\/www.ht-sport.fi\/?page_id=22\"]}]}]}<\/script>\n<!-- \/ Yoast SEO plugin. -->","_links":{"self":[{"href":"https:\/\/www.ht-sport.fi\/index.php?rest_route=\/wp\/v2\/pages\/22"}],"collection":[{"href":"https:\/\/www.ht-sport.fi\/index.php?rest_route=\/wp\/v2\/pages"}],"about":[{"href":"https:\/\/www.ht-sport.fi\/index.php?rest_route=\/wp\/v2\/types\/page"}],"author":[{"embeddable":true,"href":"https:\/\/www.ht-sport.fi\/index.php?rest_route=\/wp\/v2\/users\/2"}],"replies":[{"embeddable":true,"href":"https:\/\/www.ht-sport.fi\/index.php?rest_route=%2Fwp%2Fv2%2Fcomments&post=22"}],"version-history":[{"count":7,"href":"https:\/\/www.ht-sport.fi\/index.php?rest_route=\/wp\/v2\/pages\/22\/revisions"}],"predecessor-version":[{"id":273,"href":"https:\/\/www.ht-sport.fi\/index.php?rest_route=\/wp\/v2\/pages\/22\/revisions\/273"}],"wp:attachment":[{"href":"https:\/\/www.ht-sport.fi\/index.php?rest_route=%2Fwp%2Fv2%2Fmedia&parent=22"}],"curies":[{"name":"wp","href":"https:\/\/api.w.org\/{rel}","templated":true}]}}