{"id":327,"date":"2018-02-27T10:05:03","date_gmt":"2018-02-27T08:05:03","guid":{"rendered":"http:\/\/www.ht-sport.fi\/?page_id=327"},"modified":"2020-03-17T21:01:55","modified_gmt":"2020-03-17T19:01:55","slug":"uutuus-sports-lady-kasvohoito","status":"publish","type":"page","link":"https:\/\/www.ht-sport.fi\/?page_id=327","title":{"rendered":"Uutuus !!! Sports Lady kasvohoito"},"content":{"rendered":"<p><strong><span style=\"color: #003366;\">Sports Lady kasvohoito<\/span><\/strong><\/p>\n<p><a href=\"http:\/\/www.ht-sport.fi\/wp-content\/uploads\/2018\/02\/Kasvohoito.jpg\"><img loading=\"lazy\" class=\"alignnone wp-image-329 size-medium\" src=\"http:\/\/www.ht-sport.fi\/wp-content\/uploads\/2018\/02\/Kasvohoito-300x204.jpg\" alt=\"\" width=\"300\" height=\"204\" srcset=\"https:\/\/www.ht-sport.fi\/wp-content\/uploads\/2018\/02\/Kasvohoito-300x204.jpg 300w, https:\/\/www.ht-sport.fi\/wp-content\/uploads\/2018\/02\/Kasvohoito-768x522.jpg 768w, https:\/\/www.ht-sport.fi\/wp-content\/uploads\/2018\/02\/Kasvohoito-1024x695.jpg 1024w\" sizes=\"(max-width: 300px) 100vw, 300px\" \/><\/a><\/p>\n<p><strong><span style=\"color: #003366;\">Sports Lady kasvohoito<\/span><\/strong><br \/>\nPuhdistus, kuorinta, kiinteytt\u00e4v\u00e4 imukuppihieronta<br \/>\nmesoampulli + ultra\u00e4\u00e4ni<br \/>\nsek\u00e4 kosteuttava ja heleytt\u00e4v\u00e4 naamio<\/p>\n","protected":false},"excerpt":{"rendered":"<p>Sports Lady kasvohoito Sports Lady kasvohoito Puhdistus, kuorinta, kiinteytt\u00e4v\u00e4 imukuppihieronta mesoampulli + ultra\u00e4\u00e4ni sek\u00e4 kosteuttava ja heleytt\u00e4v\u00e4 naamio<\/p>\n","protected":false},"author":2,"featured_media":0,"parent":0,"menu_order":0,"comment_status":"closed","ping_status":"closed","template":"","meta":[],"yoast_head":"<!-- This site is optimized with the Yoast SEO plugin v14.9 - https:\/\/yoast.com\/wordpress\/plugins\/seo\/ -->\n<title>Uutuus !!! Sports Lady kasvohoito - H&amp;T Sport Future Health<\/title>\n<meta name=\"robots\" content=\"index, follow, max-snippet:-1, max-image-preview:large, max-video-preview:-1\" \/>\n<link rel=\"canonical\" href=\"https:\/\/www.ht-sport.fi\/?page_id=327\" \/>\n<meta property=\"og:locale\" content=\"fi_FI\" \/>\n<meta property=\"og:type\" content=\"article\" \/>\n<meta property=\"og:title\" content=\"Uutuus !!! Sports Lady kasvohoito - H&amp;T Sport Future Health\" \/>\n<meta property=\"og:description\" content=\"Sports Lady kasvohoito Sports Lady kasvohoito Puhdistus, kuorinta, kiinteytt\u00e4v\u00e4 imukuppihieronta mesoampulli + ultra\u00e4\u00e4ni sek\u00e4 kosteuttava ja heleytt\u00e4v\u00e4 naamio\" \/>\n<meta property=\"og:url\" content=\"https:\/\/www.ht-sport.fi\/?page_id=327\" \/>\n<meta property=\"og:site_name\" content=\"H&amp;T Sport Future Health\" \/>\n<meta property=\"article:publisher\" content=\"http:\/\/fb.me\/HTSportHealth\" \/>\n<meta property=\"article:modified_time\" content=\"2020-03-17T19:01:55+00:00\" \/>\n<meta property=\"og:image\" content=\"http:\/\/www.ht-sport.fi\/wp-content\/uploads\/2018\/02\/Kasvohoito-300x204.jpg\" \/>\n<meta name=\"twitter:card\" content=\"summary\" \/>\n<script type=\"application\/ld+json\" class=\"yoast-schema-graph\">{\"@context\":\"https:\/\/schema.org\",\"@graph\":[{\"@type\":\"Organization\",\"@id\":\"https:\/\/www.ht-sport.fi\/#organization\",\"name\":\"H&T Sport Future Health\",\"url\":\"https:\/\/www.ht-sport.fi\/\",\"sameAs\":[\"http:\/\/fb.me\/HTSportHealth\"],\"logo\":{\"@type\":\"ImageObject\",\"@id\":\"https:\/\/www.ht-sport.fi\/#logo\",\"inLanguage\":\"fi\",\"url\":\"https:\/\/www.ht-sport.fi\/wp-content\/uploads\/2017\/06\/image.jpeg\",\"width\":310,\"height\":240,\"caption\":\"H&T Sport Future Health\"},\"image\":{\"@id\":\"https:\/\/www.ht-sport.fi\/#logo\"}},{\"@type\":\"WebSite\",\"@id\":\"https:\/\/www.ht-sport.fi\/#website\",\"url\":\"https:\/\/www.ht-sport.fi\/\",\"name\":\"H&amp;T Sport Future Health\",\"description\":\"\",\"publisher\":{\"@id\":\"https:\/\/www.ht-sport.fi\/#organization\"},\"potentialAction\":[{\"@type\":\"SearchAction\",\"target\":\"https:\/\/www.ht-sport.fi\/?s={search_term_string}\",\"query-input\":\"required name=search_term_string\"}],\"inLanguage\":\"fi\"},{\"@type\":\"ImageObject\",\"@id\":\"https:\/\/www.ht-sport.fi\/?page_id=327#primaryimage\",\"inLanguage\":\"fi\",\"url\":\"http:\/\/www.ht-sport.fi\/wp-content\/uploads\/2018\/02\/Kasvohoito-300x204.jpg\"},{\"@type\":\"WebPage\",\"@id\":\"https:\/\/www.ht-sport.fi\/?page_id=327#webpage\",\"url\":\"https:\/\/www.ht-sport.fi\/?page_id=327\",\"name\":\"Uutuus !!! Sports Lady kasvohoito - H&amp;T Sport Future Health\",\"isPartOf\":{\"@id\":\"https:\/\/www.ht-sport.fi\/#website\"},\"primaryImageOfPage\":{\"@id\":\"https:\/\/www.ht-sport.fi\/?page_id=327#primaryimage\"},\"datePublished\":\"2018-02-27T08:05:03+00:00\",\"dateModified\":\"2020-03-17T19:01:55+00:00\",\"inLanguage\":\"fi\",\"potentialAction\":[{\"@type\":\"ReadAction\",\"target\":[\"https:\/\/www.ht-sport.fi\/?page_id=327\"]}]}]}<\/script>\n<!-- \/ Yoast SEO plugin. -->","_links":{"self":[{"href":"https:\/\/www.ht-sport.fi\/index.php?rest_route=\/wp\/v2\/pages\/327"}],"collection":[{"href":"https:\/\/www.ht-sport.fi\/index.php?rest_route=\/wp\/v2\/pages"}],"about":[{"href":"https:\/\/www.ht-sport.fi\/index.php?rest_route=\/wp\/v2\/types\/page"}],"author":[{"embeddable":true,"href":"https:\/\/www.ht-sport.fi\/index.php?rest_route=\/wp\/v2\/users\/2"}],"replies":[{"embeddable":true,"href":"https:\/\/www.ht-sport.fi\/index.php?rest_route=%2Fwp%2Fv2%2Fcomments&post=327"}],"version-history":[{"count":14,"href":"https:\/\/www.ht-sport.fi\/index.php?rest_route=\/wp\/v2\/pages\/327\/revisions"}],"predecessor-version":[{"id":381,"href":"https:\/\/www.ht-sport.fi\/index.php?rest_route=\/wp\/v2\/pages\/327\/revisions\/381"}],"wp:attachment":[{"href":"https:\/\/www.ht-sport.fi\/index.php?rest_route=%2Fwp%2Fv2%2Fmedia&parent=327"}],"curies":[{"name":"wp","href":"https:\/\/api.w.org\/{rel}","templated":true}]}}